
4
Suppose 110 + 120 = 2*j. Let l = -215 + j. What is the units digit of 606/5 - (-4)/l*5?
1
Let s be (-6 - -6) + 24/8. What is the hundreds digit of -1 - (1/s - 1090/3)?
3
Let c be 17/((-51)/(-12)) - 785/1. Let v = -559 - c. What is the hundreds digit of v?
2
Suppose -165269 + 131363 = -55*c + 204629. What is the tens digit of c?
3
Let l(k) = -k**3 - 25*k**2 - 23*k + 31. Let u(y) = -3*y + 3. Let h be u(9). Let i be l(h). Let z(j) = -j**3 + 9*j**2 - j - 14. What is the units digit of z(i)?
7
Let x = 14021 + 12703. What is the tens digit of x?
2
Let a be -2 + 1 + 2 - 1. Suppose 6*u + 1438 + 386 = a. Let c = u + 540. What is the tens digit of c?
3
Let w(b) = 5*b**2 + 3*b - 3. Suppose 37 = 10*v - 13. Suppose -29 + 9 = -v*k. What is the tens digit of w(k)?
8
Suppose -5*w + 14 = -1. Suppose 0 = -4*l - 2*f + 1182, -3*l + 903 = w*f - 7*f. What is the tens digit of l?
9
Suppose -4*r - x = x + 4, 5*x = -10. Let n be (r + 84)/((-1)/(-2)). Let u = -39 + n. What is the hundreds digit of u?
1
Let s(y) = 237*y**2 + 49*y - 89. What is the hundreds digit of s(4)?
8
Let x be (-39 - -102)*(210 + 1). Suppose -8*q + x = -1563. What is the thousands digit of q?
1
Suppose 2*u + u = 2*y + 5, -5*u - 4*y = -1. Let l be (10 - 5)/(0 - u). What is the units digit of l/(-4) + 2/((-8)/(-3))?
2
Suppose 4*n = g - 1271, 2*n + 2530 = 6*g - 4*g. What is the units digit of g + (-5 - (-4 + -1))?
3
Let q(y) = -2*y + 15. Let n be q(42). Suppose s - 20 - 79 = 0. Let x = n + s. What is the units digit of x?
0
Let a = -23 + 42. Let n be 124/186 + (20/3)/2. Let r = a + n. What is the units digit of r?
3
Let s(k) = -3*k - 10. Let x be s(2). Let r = 20 + x. Suppose 5*g = -r*n - 0*n + 523, -657 = -5*n - 3*g. What is the hundreds digit of n?
1
Let s(r) = -2*r**2 + 5*r - 1. Let l be s(2). Let p be l/(3/(-6))*2. What is the tens digit of 4 + (-126)/(p - -1)?
4
Let n(i) be the first derivative of -i**3/3 - i**2 + 5*i - 28. Let f be n(-3). Suppose 3*p - 616 = -4*y - f*p, -4*y + p = -640. What is the tens digit of y?
5
Suppose 3*s = 5*b - 0 + 5, -5*b + 30 = 4*s. Let g be (4/s)/(3/15). Suppose g*v + 3*v - 469 = 0. What is the units digit of v?
7
Suppose 3*p + 310*h - 4980 = 313*h, 0 = 2*p - h - 3317. What is the units digit of p?
7
Let b(v) = 9*v**2 + 8*v + 719. What is the tens digit of b(-44)?
9
Let a(l) = -215*l - 20. Let z be (1/(-2))/((-234)/60 + 4). What is the thousands digit of a(z)?
1
What is the thousands digit of ((-895827)/1173)/(1/(-17))?
2
What is the units digit of (-28796)/((-15)/(-45)*(5/10 - 2))?
2
Let w be 52/20 - (-12)/(-20). Let c(a) = -a**3 - a**w - 7 - 13*a**2 - 6 + a**2 - 17*a. What is the tens digit of c(-12)?
4
Suppose 53*x + 6217 = -114*x + 3348722. What is the units digit of x?
5
Suppose -w - f + 23 = 0, 0*w = 5*w - 4*f - 106. Suppose 11*n = 10*n + w. Let l = n - 8. What is the tens digit of l?
1
Let y(u) = u**2 + 9*u + 8. Let o be y(-8). Suppose o*b - b = -6. Suppose -b*x - 62 = -r - 3*x, -4*r - x + 248 = 0. What is the units digit of r?
2
Suppose 3 = -2*k - k, -17 = -d + 4*k. Suppose d*v - 10*v = 843. Let w = v + -156. What is the units digit of w?
5
Suppose -n + 3 - 46 = 0. Let w = n - -54. What is the units digit of w/(-11)*(-44 - (-1)/1)?
3
Let k(i) be the first derivative of -21*i**5/20 + i**4/12 - 2*i**2 - 15*i + 26. Let q(j) be the first derivative of k(j). What is the units digit of q(-2)?
8
Suppose -108*v - 6220 = -103*v. Let y = v - -2158. What is the tens digit of y?
1
Suppose -102*l + 187457 = -1724431. What is the ten thousands digit of l?
1
Suppose 2*m - 92190 = 2*i, -2*m + 39043 = 2*i - 53115. What is the hundreds digit of m?
0
Suppose -k + 46462 = 2*s, 92908 = 4*s + 8*k - 10*k. What is the units digit of s?
9
Let z(k) = -1115*k + 14. Let p be z(-4). Let b = 6263 - p. What is the tens digit of b?
8
Suppose -11 = -3*z - 83. Let n = z + 110. What is the tens digit of n?
8
Let x be (-2)/8*-4726*2. Suppose -3762 = -7*w + x. What is the tens digit of w?
7
Let j be 10 + -1 + 4*8/32. Suppose 13*y - j*y = -4*r + 889, 5*r = 20. What is the hundreds digit of y?
2
Suppose -1021 - 362 = 3*v. Let b = -233 - v. What is the units digit of b?
8
Let x(i) = 5*i + 16. Let a be (-52)/(-12) + (-1)/3. Let l be x(a). Let b = l - 30. What is the units digit of b?
6
Suppose s - 3*o = 11, 4*s = 2*s - 3*o + 58. Let z = -22 + s. What is the units digit of 6 + 4 + -12 - (z - 89)?
6
Let w(r) = -2*r + 5. Let s be w(-4). Let j be 6/210*7 - (-3 + 1656/(-20)). Suppose -j = s*y - 15*y. What is the tens digit of y?
4
Suppose -987 = 4*c + 357. Let h = 130 + c. Let d = -2 - h. What is the units digit of d?
4
Let m = -2832 + 3065. Suppose -3*z = -2*z - 336. Let a = z - m. What is the hundreds digit of a?
1
Suppose 29*a - 3*a + 9*a - 1369200 = 0. What is the tens digit of a?
2
Suppose 323 = -2*g - 5*v, 0 = -5*g - 2*v - 3*v - 845. Suppose 3*k = 3 - 0, 3*y + 4*k + 365 = 0. Let t = y - g. What is the units digit of t?
1
Let r = 398 - 379. Suppose -9*d - r*d + 4088 = 0. What is the tens digit of d?
4
Suppose r = -q - 0 + 4, -3*q = -r - 8. Suppose -q*h = 12*h - 930. What is the tens digit of h?
6
Let f be ((-36)/6)/((-1)/(-282)). Let m be (-3 + (-14)/(-6))*f/8. Let s = 228 - m. What is the units digit of s?
7
Let r(b) = 73*b**2 - 10*b + 19. Let c be r(-7). Suppose 0 = 14*s - 27*s + c. What is the units digit of s?
2
Suppose -102*m - 75 = -107*m. Suppose -2*j + 2*a - m = a, 0 = 4*a + 20. What is the units digit of 1/(j/64)*-5?
2
Let r be -87*(16/6)/8. Let n = r - -528. Suppose -5*z - 39 + n = 0. What is the tens digit of z?
9
Let n(x) = -471*x**3 - 13*x - 477*x**3 + 18 + 949*x**3 + 5*x**2. What is the units digit of n(5)?
3
Let d(f) = -f**3 - 15*f**2 - 15*f + 14. Let r be d(-14). What is the units digit of 6240/14 + -1 - r/(-98)?
5
Suppose -8*p - 3930 = -18634. What is the tens digit of p?
3
Suppose 6*o = o + 2610. Let s = o + -277. What is the hundreds digit of s?
2
Let c(j) be the second derivative of j**4/6 - j**3 - 3*j**2 + 24*j. Let u be c(6). What is the units digit of 80 - (10/u)/(1/(-3))?
1
Suppose -6*l - 47 = -17. What is the tens digit of (161 - l) + ((-36)/3)/3?
6
Let h = -7147 - -10041. Suppose 568 = c + 5*t, -5*c + 9*t = 7*t - h. What is the hundreds digit of c?
5
Suppose -128 - 46 = 2*z. Let s = 366 - 128. Let b = z + s. What is the tens digit of b?
5
Suppose 5*k - 2*f - 6 = 0, 0*k - 3*f + 8 = k. What is the units digit of (k + -1)/(6/1068)?
8
Let y be (14/4 + 4)/((-2)/(-4)). Suppose y*l = 11*l + 8. Suppose 3*m = 2*u + 328, -2*u = l*m - 0*u - 212. What is the hundreds digit of m?
1
Let k(a) be the second derivative of -5*a**3/6 - 6*a**2 - 14*a. Let h(m) = -m**3 + 5*m**2 - 3*m + 1. Let y be h(5). What is the tens digit of k(y)?
5
What is the thousands digit of (-13 + 7)/1*7223/(-3)?
4
Let b(q) = q**3 + q**2 - 2*q + 5. Let d be b(4). Suppose -4*a + 72 = 14*a. Suppose 317 = a*s + d. What is the tens digit of s?
6
Let j = -26 - 266. Let o = j + 1229. What is the hundreds digit of o?
9
Let h = -975 - -3476. What is the thousands digit of h?
2
Suppose -b - 684 = t, -3132 + 380 = 4*t - 4*b. Let j = 1849 + t. Suppose -g - 2*f = -241, g - 6*g + 4*f = -j. What is the units digit of g?
5
Let v(u) = -54*u**3 - 12*u**2 - 23*u. What is the tens digit of v(-5)?
6
Let n be 480/180 + ((-8)/(-6) - 1). Let b(k) = 153*k - 37. What is the hundreds digit of b(n)?
4
Suppose 2*s = -4*p - 66, -20 = -s + 2*p - 65. What is the hundreds digit of 36/2*(-338)/s?
1
Suppose -5*c = -5*j + 34 + 2061, 4*j + 4*c - 1660 = 0. Suppose 0 = 4*p - 3*o - j, 5*p = 7*p + 4*o - 214. Suppose -78 = -3*v + p. What is the units digit of v?
1
Let z(u) be the first derivative of -3*u**4/4 - u**2 - 2*u - 15. Let i be z(-1). What is the units digit of ((-2)/i)/((-42)/945)?
5
What is the hundreds digit of (3*8/14)/((-10)/(-455*78))?
0
Let w(p) = 78*p**3 - 299*p**2 - 2*p + 39. What is the thousands digit of w(12)?
1
Let h be (-5877)/(-6)*((-64)/(-12))/4. Let r = h + -566. What is the units digit of r?
0
Let h(a) = -a + 1. Let u be h(10). Let x = u - -45. Suppose -259 = -5*b + x. What is the tens digit of b?
5
Let w = -50 - -90. Let k be w/6*(0 + 3). What is the tens digit of (1 + -6)*(-288)/k?
7
Let s = 10862 - -45648. What is the hundreds digit of s?
5
Let v = 52218 - 22160. What is the tens digit of v?
5
Suppose 3*r = r - 12*r. Sup